. Let o(p) = p + 2. Let d be o(y). Let v(w) = 2*w - 6. What is the units digit of v(d)?
4
Suppose -3*t - z + 18 = 0, -5*t - 3*z + 37 = 3. Suppose -2*l = s + 370, -t*l - 1773 = 4*s - 290. What is the tens digit of s/(-14) + (-12)/(-28)?
2
Let m be -1*(-6 - -3) + 2. Suppose m*p - 35 = 2*y + 3*y, y + 1 = -2*p. Suppose n = p*n - 20. What is the units digit of n?
0
Suppose -v = 4*v. Suppose 4*y - 4*s - 164 = v, 4*s = -y + s + 37. What is the tens digit of y?
4
Suppose 10*h - 766 = 10824. What is the thousands digit of h?
1
Let x = 1 + -1. Suppose -2*d + 7*d - 15 = x. Suppose 5*p + b = 238, -d*p + 126 = -5*b - 0*b. What is the tens digit of p?
4
Let d be 120 - (-10)/(-15)*3. Let p = -68 + d. What is the units digit of p?
0
Let c(o) = -1 - 3*o + 71*o + 0. Let s be (6/(-2) - -2)*-1. What is the units digit of c(s)?
7
What is the units digit of 6/(-12)*-206 + (-1 - -5)?
7
Suppose 0 = 4*f - 3*n - 2857, 4*f - 2*n + 0*n - 2858 = 0. What is the units digit of f?
5
Suppose -15*z = -6*z - 27. Suppose -4*s = -z*l - 23, 3*l = 4*s + 7*l + 12. Suppose -b = -2*f - 71, 4*f - s*f = 5*b - 339. What is the tens digit of b?
6
Let f = 79 - -113. What is the units digit of f?
2
Suppose 3*y - 3*x - 30 = 0, -7*y + 3*y + x + 31 = 0. Let q be y + -11 + (-22)/(-2). Suppose -q*b + 227 + 242 = 0. What is the tens digit of b?
6
Let o = -4 - -6. Suppose 83 - 13 = o*j. What is the tens digit of j?
3
Let s(q) = q - 7. Let x be s(10). Suppose 5*n = 4*z + 895, -2*n - x*z + z = -358. Suppose -5*l = -5*j + 220, l - 4*l - n = -4*j. What is the tens digit of j?
4
Let q(u) = 77*u + 35. Let f be q(6). Let o = -259 + f. What is the tens digit of o?
3
Suppose -y + 4*p = -2884, -2*p + 996 = 2*y - 4742. What is the thousands digit of y?
2
Let s(p) be the second derivative of p**7/2520 - p**6/180 - p**5/40 + p**4/6 + 11*p. Let o(w) be the third derivative of s(w). What is the units digit of o(7)?
8
Let y(n) = 142 + 145 - 294 + 6*n. Let c be (-3)/6*(-8)/2. What is the units digit of y(c)?
5
What is the units digit of (-1677)/(24/(-9) - 28/(-12))?
1
What is the units digit of (-4)/2 + ((-120)/3)/(-4)?
8
Suppose -385*q + 368*q = -40137. What is the hundreds digit of q?
3
Suppose 4*f = 155 + 13. Let d = 15 + 75. What is the units digit of d/f - 2/14?
2
Suppose -c - 3*l + 312 = -l, 0 = -5*c + 3*l + 1508. What is the hundreds digit of c?
3
Let h(q) = -3*q + 37. Let b be h(12). What is the hundreds digit of (-23 + -2)/(0 - b/10)?
2
What is the hundreds digit of (-135)/(((1 - 3) + 4)/(-12))?
8
Let o(z) = 6*z**2 - 9*z + 43. What is the tens digit of o(-8)?
9
Suppose 400 - 1224 = -4*r + 4*q, -2*r = -3*q - 410. What is the hundreds digit of r?
2
Let t(k) = k**3 + 4*k + 31. Let w be t(0). Suppose -9 = -5*h + 6. Suppose 8 = h*a - w. What is the units digit of a?
3
Let y be (15/(-4) - -1)*-4. Let z be -7 + 11 - -2*5. Let m = y + z. What is the tens digit of m?
2
What is the tens digit of 182/(-130) + (-2)/(-5) + 63?
6
Let n(r) = -r**3 + 8*r**2 - 6*r - 7. Let o be n(7). Suppose o*s = -s. Suppose -5*l + l + 80 = s. What is the tens digit of l?
2
Suppose -11 - 4 = -5*r. Suppose -12 = -3*g - k - 1, 5*g = -r*k + 13. Suppose 4*l - 84 = 4*c - 0*c, 0 = g*c + 10. What is the tens digit of l?
1
Suppose 2*x + 0*x - 3*v = 3052, 3*x = -4*v + 4578. What is the hundreds digit of x?
5
Suppose -7*v + 49 = -77. Suppose 24*b - 6 = v*b. What is the units digit of b?
1
Suppose -3*g - 7584 = -3*x, 5*x - 4*g - 5111 = 7530. What is the hundreds digit of x?
5
Suppose -16*k + 11*k = -4*p - 475, -4*k + 416 = 4*p. What is the units digit of k?
9
Let g(o) = 10*o**2 - 15*o + 5*o - 8*o**2 - 20. What is the units digit of g(12)?
8
Let p(m) = -12*m + 30. Let f be p(7). Let v(n) = -n**2 - 4*n + 5. Let w be v(-6). What is the tens digit of (f/(-21))/((-1)/w)?
1
Let f(d) = d**2 - 7*d - 3. Let u be f(6). Let g = -6 - u. What is the tens digit of (-2 - -8)*18/g?
3
Let h = -164 - -291. What is the tens digit of -4 + 0 + (h - 6)?
1
Suppose -w = p - 149, -4*p = -3*w - 3*p + 431. What is the tens digit of w?
4
Let z(w) = 90*w - 241. What is the units digit of z(13)?
9
Let x(y) = y**3 + 6*y**2 + 7*y - 1. Let t be x(-4). Suppose 248 = t*j - j. What is the hundreds digit of j?
1
Suppose 5*k = 2*k + i - 3, k + 1 = 5*i. Let d be (-111)/(-6) + k/(-2). Suppose -d*o = -18*o - 39. What is the units digit of o?
9
Let v = 8 + -16. Let f = 19 + v. Let q = f + -9. What is the units digit of q?
2
Let d be 1/3*(98 + -11). Let n = d + -26. Suppose 39 = 3*h + n*f, h = 6*h - 4*f - 29. What is the units digit of h?
9
Let j = -12 + 15. Suppose -j*y + 23 = 4*s - 58, -3*s - 2*y + 60 = 0. What is the units digit of s?
8
Let f(v) = v**2 + 12*v - 8. Let r be f(-13). Suppose -37 = -2*o + r*j + 74, 0 = -4*j + 4. What is the units digit of o?
8
Suppose 4*z = 6*z - 22. Let o = 14 - z. Suppose 27 = o*s - 4*j - 8, -3*j = 2*s - 29. What is the units digit of s?
3
Let i(z) be the second derivative of -3*z**3/2 - 3*z**2/2 + 2*z. Let m be i(3). What is the units digit of m/(-12) + 4/(-8)?
2
Let m(b) = b - 1. Let q(j) = j. Let n(a) = -16*a - 4. Let h(t) = n(t) + 8*q(t). Let u(v) = -h(v) - 3*m(v). What is the units digit of u(5)?
2
Let v be 9/((-81)/6)*330/(-1). Let o = -118 + v. What is the units digit of o?
2
Suppose -4*y - 5*j + 3*j = -3454, 2*y = -4*j + 1718. What is the tens digit of y?
6
Let f = -262 - -818. Let s = f + -313. What is the tens digit of s?
4
Let s(w) be the first derivative of 7*w**4/4 - w**3/3 - w**2/2 + 3*w + 2. Let m(o) be the first derivative of s(o). What is the units digit of m(-1)?
2
Suppose 0 = -5*v - 2*x + 13, 3*x = -3*v + 3 + 12. Suppose -z + v = -1. Suppose 5*l - 2*j = 14, 0*j = z*j - 6. What is the units digit of l?
4
Let z(i) = -3*i - 5. Let f(j) = j + 2. Let t(v) = -11*f(v) - 4*z(v). Let w be t(-9). Let q(y) = -y**3 - 12*y**2 - 12*y + 7. What is the units digit of q(w)?
8
Suppose 2*f - 2*o + 2 = -f, 35 = -5*f - 3*o. What is the units digit of f + 1 + 88 + (6 - 9)?
2
Suppose 2*j + 45 + 79 = 0. Let m = 151 + j. What is the tens digit of m?
8
Suppose -4*m + 5*m + 4*w - 329 = 0, 5*m = 3*w + 1553. What is the hundreds digit of m?
3
Let f(r) = 3*r - 3. Let i be f(-14). What is the tens digit of (3 - 2)/((-3)/i)?
1
Let t(h) = -50*h - 99. What is the tens digit of t(-14)?
0
Let d be 1*20/2*6. Let u be ((-4)/6*1)/(1/54). Let c = d + u. What is the tens digit of c?
2
Let p(n) = -289*n**3 - n**2 - 3*n - 2. Let q be p(-1). Let f = -202 + q. Let j = f - 43. What is the tens digit of j?
4
What is the tens digit of (-3252)/(-20) + -4 - 18/30?
5
Let q(c) = 271*c**2 + 2*c - 1. Let j be q(1). Let b = j + -88. What is the tens digit of b?
8
Suppose t - 18 = 4*i, 33 = -6*t + 2*t - 5*i. Let j(o) = -6*o - 4. What is the units digit of j(t)?
8
Suppose -660 = -6*s - 102. Let i = 3 + s. What is the units digit of i?
6
Let g = 0 + -7. Let x(y) = -y - 5. Let v be x(g). What is the units digit of (v/(-3))/(5/(-15))?
2
Let u(s) = s**3 - 6*s**2 + 7*s + 7. Let j be u(4). Suppose -2*d + 282 = 2*o, j*o - d - 407 = -0*d. What is the units digit of o?
7
What is the units digit of 1357 - (-2 + 20/5 + 1)?
4
Let c(q) be the third derivative of -7*q**4/24 - 5*q**2. What is the units digit of c(-3)?
1
Suppose 3*x + 13 = 34. Let b = x - 17. What is the units digit of b/(-45) - 536/(-18)?
0
Let h = 1906 - 200. What is the units digit of h?
6
Suppose -2*k + 624 = -4*j - 204, 1297 = 3*k + 5*j. What is the hundreds digit of k?
4
Suppose -4*n = -3*q - 31, 9*n + q - 15 = 4*n. Suppose h - 438 = -n*u - 165, 0 = -4*u + 2*h + 282. What is the units digit of u?
9
What is the hundreds digit of -15 + 7 + 9 - -1314?
3
Let r be -2*(0 + -2)/2. Let h be r/(0 - (-1 + 0)). Suppose 7*y - h*m - 10 = 2*y, -4*y + 8 = -2*m. What is the units digit of y?
2
Let l(h) = -5*h**2 - 5*h - 7. Let g be l(-4). Let c = g - -186. What is the hundreds digit of c?
1
Let q(n) = n**2 + 12*n + 39. Let z = 45 - 57. What is the tens digit of q(z)?
3
Suppose 7*c - 2*c = -130. Let d = 27 + c. Let a(u) = 32*u**3 - u**2 + u. What is the tens digit of a(d)?
3
Suppose -o = -5*b - 86 + 5, -3*o = 3*b + 45. Let n be (19*1)/(b/(-48)). Let l = n - 1. What is the tens digit of l?
5
Let l(u) = u + 1. Let m be l(-6). Let c(q) = -q. Let t(p) = -3*p + 3. Let o(d) = 18*c(d) - 3*t(d). What is the tens digit of o(m)?
3
Let f = -277 - -720. What i